 factors of a(l)?
3, 7
Let m = -27 + 25. List the prime factors of 488/(8 - 4) + (m - 1).
7, 17
Let m be 6/(-3)*6/(-4). List the prime factors of ((-390)/(-9))/(2/m).
5, 13
Let d(z) be the third derivative of -17*z**4/24 - z**3/2 + 11*z**2. What are the prime factors of d(-7)?
2, 29
Suppose 4*t - 31 = -t - 4*w, -5*w = -20. Suppose -9 = -3*n - 3*r, -t = -n + r - 5*r. List the prime factors of ((-2)/5)/(n/(-60)).
2
Let c(i) = -i**2 + 18*i + 5. Let q = 42 + -27. What are the prime factors of c(q)?
2, 5
Let n be (8/(-5))/(10/(-50)). Suppose -2*c + 3*s = -n, 5*c - 4*s = 14 + 6. List the prime factors of c.
2
Suppose -5*w + 1617 = 6*w. What are the prime factors of w?
3, 7
Let o = 22 - 13. Suppose 3*t + 3*v - o = 0, -2*t - 3*v + 5 = 1. Suppose -t*g = f, -f = f - 2*g - 24. List the prime factors of f.
2, 5
Suppose 3*g + 0 = -5*a - 3, -g = -a - 7. Suppose -n = -3*z + 241, -2*z + g*n = -z - 73. What are the prime factors of z?
3
What are the prime factors of (36/7)/(22/1155)?
2, 3, 5
Suppose 9 = 2*b - p, 5*b - 3 = p + 18. Suppose u - 50 + 6 = -m, b*m + 3*u = 181. List the prime factors of m.
7
Let h = 926 - 400. List the prime factors of h.
2, 263
Suppose -9*o + 5*o = -b + 244, -1110 = -5*b - 2*o. List the prime factors of b.
2, 7
Suppose 5*p - i = -0*i + 16, -5*i = -3*p + 14. Let n(y) be the third derivative of y**4/3 + 2*y**3/3 - 5*y**2. List the prime factors of n(p).
2, 7
Suppose 3*u - 6*u + 207 = 0. Suppose 5*q + u - 9 = 0. List the prime factors of -1*(-3)/(q/(-92)).
23
Let d be 21 + (0 - 2) - -4. Let p = 142 - d. List the prime factors of p.
7, 17
Let c = -86 + 201. Suppose -3*a - 4*u = -138, 3*a + 5*u + c = 5*a. List the prime factors of a.
2, 5
Suppose v = 5*f - 2140, -4*f + 1688 = -2*v + 6*v. What are the prime factors of f?
7, 61
Suppose -m + 2233 = -5*f, 4*f - 35 = -15. List the prime factors of m.
2, 1129
Suppose -28 = -11*b + 16. Suppose -b*h = m - 782, 3*m = -2*h + m + 388. What are the prime factors of h?
2, 7
Suppose 2*b - 569 = -3*g - 2*g, -4*g = -4*b + 1152. List the prime factors of b.
7, 41
Suppose -5*g + 4*h + 9190 = 0, 4*g + 5*h = -0*h + 7352. List the prime factors of g.
2, 919
Let j(c) = 4*c - 2. Let m be j(2). Let w = m + 30. Suppose 5*v + 3*r - 43 = 0, -v - 4*v = -4*r - w. List the prime factors of v.
2
List the prime factors of 1 + ((2 - 2) + -1)*-498.
499
Let a be (132/77)/(2/28). Suppose -k - 219 - a = -5*g, 6 = -2*k. What are the prime factors of g?
2, 3
Suppose -4*z - 15*x + 4599 = -12*x, 4*z = -5*x + 4601. What are the prime factors of z?
3, 383
Suppose 2*x - 598 = 138. List the prime factors of x.
2, 23
Let x = 684 - -100. What are the prime factors of x?
2, 7
What are the prime factors of -904*(24/(-6))/8?
2, 113
Let h(i) = 10*i**2 - 5*i - 16. Let x be h(-5). Let l = -180 + x. List the prime factors of l.
79
Let l = 17 - 6. Let k = 196 - l. What are the prime factors of k?
5, 37
Let t be (-238)/(-10) + (-7)/(-35). Let b = t - 28. List the prime factors of 9*(4 + 2) - b.
2, 29
Suppose -2*t + 273 = 3*m - 274, 0 = -2*m - 4*t + 354. Suppose -2*u + 0*s = -2*s - 346, -u + m = -4*s. List the prime factors of u.
13
Let j(d) = 5*d - 12*d**2 + d**3 - 14*d - 9 + 1 + 2. What are the prime factors of j(13)?
2, 23
Suppose 0 = 2*x - 5 - 3. Let c(k) = -k**3 + 6*k**2 - 3*k - 5. What are the prime factors of c(x)?
3, 5
Let b = 1142 + -672. What are the prime factors of b?
2, 5, 47
List the prime factors of 12/24 - -5*(-15)/(-2).
2, 19
Let r(n) be the second derivative of n**4/12 + 7*n**3/6 + 7*n**2 - 5*n. List the prime factors of r(-7).
2, 7
Let k(b) = -3*b**3 + 3*b**2 + 2*b + 20. What are the prime factors of k(-6)?
2, 191
Let n = 1778 + 877. List the prime factors of n.
3, 5, 59
What are the prime factors of (-20)/6*(-32)/(-10)*-6?
2
Suppose y + 0*j = -2*j + 51, -4*y + 2*j = -174. Suppose y = 8*o - 387. List the prime factors of o.
2, 3
Let r(o) = o**3 - 3*o**2 - 2*o + 9. Let t be r(3). Suppose t*q + 2*d = 40, -2*q - q + 4*d = -64. List the prime factors of q.
2
Let q(v) = -49*v - 50. Let o(c) = 33*c + 33. Let n(h) = -8*o(h) - 5*q(h). What are the prime factors of n(-7)?
7, 17
Let w = -13 + 28. Suppose -i - 2*i + w = 0. Suppose g - 7 = -3*t, -i*g + g = 4*t - 28. List the prime factors of g.
7
Let b = -695 - -1389. What are the prime factors of b?
2, 347
Let w be 20*(140/25)/7. List the prime factors of w/(-10)*((-1960)/16 + 5).
2, 47
Let s(u) = u**3 - 12*u**2 + 6*u - 4. Let c be s(12). Suppose -v = 4*q + 3*v - c, -11 = -q + 5*v. List the prime factors of q.
2
Suppose a = o + 585, 0*a - 3*o = a - 577. What are the prime factors of a?
11, 53
List the prime factors of -2065*(-14)/(-175)*-5.
2, 7, 59
Let f be -6 - (-297)/36 - (-3)/4. Let s(b) = 17*b**2 + b + 2. What are the prime factors of s(f)?
2, 79
Let t(n) = -4*n - 23. Let v be t(-6). Let y(j) = 83*j - 7. Let s(g) = -125*g + 11. Let b(d) = 5*s(d) + 8*y(d). List the prime factors of b(v).
2, 19
Suppose -8912 = 19*x - 27*x. List the prime factors of x.
2, 557
Let w be (2 + -1)/(1/5). Suppose 3*j + 4*p - 7 = 0, -5*j - 4*p - p = -w. What are the prime factors of (-23*3)/j + -2?
3, 7
Let c(w) = -w - 15. Let s be c(12). Let m = -19 - s. What are the prime factors of m?
2
Suppose -s = 4*v - 24, -s - 4*s = -20. Suppose -2*d = v*m + 29, 0 = 2*d - m + 7 + 4. Let t = -4 - d. What are the prime factors of t?
3
Let y(c) = 6*c + 18. Let f be y(15). Suppose 12*q = 16*q - f. What are the prime factors of q?
3
Let r = 17 + -1. Suppose -2*t - 4 = -r. List the prime factors of t/(-3)*212/(-8).
53
Let j(a) = -67*a. Let c be j(9). Let d be c/(-117) + (-2)/13. Suppose -4*b - 76 = -d*l, 2*l + 3*b - 4*b - 28 = 0. List the prime factors of l.
2, 3
Let t = 18 + -15. Suppose s = 2*l - 536, t*l - 3*s - 822 = -6*s. What are the prime factors of (10/(-25))/((-2)/l)?
2, 3
Let o(g) be the second derivative of 2*g**3/3 + 11*g**2/2 - 8*g. What are the prime factors of o(10)?
3, 17
Let r = 331 + -226. Let f = r - 53. List the prime factors of f.
2, 13
Let s(r) = 9 + 16*r**2 + r - 7*r + r - 2. List the prime factors of s(3).
2, 17
Let j = 29 - 31. Let u(h) = -2*h**3 - 2*h**2 + 2*h + 1. What are the prime factors of u(j)?
5
Suppose 409 = o - 1708. List the prime factors of o.
29, 73
Suppose -3*y + 395 = -343. What are the prime factors of y?
2, 3, 41
Let h = -38 + 43. Suppose -h*q = -3*q - 112. What are the prime factors of q?
2, 7
Let t(d) = -5*d - 13. Let l be t(4). List the prime factors of 60/l + 6/(-33) + 108.
2, 53
Let j(b) = 29*b + 2. Let k be j(2). Let u = k - 41. Suppose 18*y + 13 = u*y. List the prime factors of y.
13
Let s(j) = 5*j - 5. Let c be s(5). Suppose c = 4*l + 4. Suppose -155 = -l*g - g. List the prime factors of g.
31
Let q be (0/(-1))/1 + 59. Suppose q = 5*h - 171. List the prime factors of h*(-1)/(-2)*1.
23
Suppose 2*t + 45 - 3 = 4*l, -t + 3*l = 24. List the prime factors of ((-9)/(-6))/(t/(-380)).
2, 19
What are the prime factors of (-12257)/(-77) + ((-46)/11 - -4)?
3, 53
Suppose 15 = 5*x + 270. What are the prime factors of x/(((-32)/(-12))/(-8))?
3, 17
Suppose 4*s = -2*y + 268, 4*s - 138 = -4*y + 3*y. List the prime factors of y.
2, 5, 13
Let p be (-1)/1 + -1 + 10. Suppose -3*z + 136 = -p. Let i = z - 7. List the prime factors of i.
41
Suppose -4*q - 312 = -5*q. What are the prime factors of q?
2, 3, 13
Suppose 2 = -0*a + 4*a + 5*d, 5*d = -10. Let m = a - 0. List the prime factors of 10*m + (-1 - -3).
2
Suppose 2*s = 225 + 369. Suppose -o - 2*o = -s. List the prime factors of o.
3, 11
Let t = -15 + 15. Suppose t = 3*s - 0*s - 480. Suppose 3*q - s = -3*d - 49, q + 4*d = 46. What are the prime factors of q?
2, 17
Suppose -412 = -2*n + 4*z, -2*n - 3*z + 405 = -0*z. List the prime factors of n.
2, 3, 17
Let n(y) = -2*y - 1. Let v be n(2). Let j be (-19)/v - (-9)/45. Suppose s - 21 = -5*b, j*s = 4*b - 37 + 193. List the prime factors of s.
2, 3
Let m(s) = -s + 2. Suppose 5*z = 4 + 26. Let w be m(z). What are the prime factors of ((-40)/14)/(w/14)?
2, 5
Let g = -1 + -15. Let q be 184/g*(-3 + 1). Suppose -q = -5*l - 8. What are the prime factors of l?
3
Let z(g) = 10*g**2 + g + 1. Let p be z(-1). Let f = p - -21. List the prime factors of f.
31
Suppose 2*d = d + 26. Let b = d + -22. Suppose -b*w + 3*u + 31 = 0, -5*w + 2*u = -6*w + 5. What are the prime factors of w?
7
Suppose -d - 75 = -z - 3*z